the hundreds digit of b(-3)?
1
Let r = 423 + -232. What is the tens digit of r?
9
Let n = -1 + 3. Suppose -55 = -n*k - 3*k. Let i = -8 + k. What is the units digit of i?
3
Let q(g) be the first derivative of g**4/2 - g**3 - 3*g**2/2 - 11. Let y(m) = m - 2. Let k be y(5). What is the tens digit of q(k)?
1
Let k(n) = -3*n - 3. Let y(r) = 6*r + 6. Let v(f) = -9*k(f) - 4*y(f). What is the tens digit of v(10)?
3
Let p(c) = c - 2 + 0*c + c**2 + 2*c. Let o be p(-4). Suppose -4*y - 8 = 4*s, 7*s - y = o*s + 14. What is the units digit of s?
2
Let o = 192 - 60. What is the tens digit of o?
3
Let m(z) = -2*z**2 + z - 1. Let l be m(2). Let w = 11 + l. What is the units digit of w?
4
Let k(d) = -d**3 - 2*d**2 + 2*d + 3. Let z be k(-3). Suppose 8*i - z*i - 10 = 0. What is the units digit of i?
5
Suppose -2*o + 2*f = 150, o - 3*f + 7*f = -55. Let a = 118 + o. What is the tens digit of a?
4
Let l be 84/(-8)*2/(-3). Let a be (48/(-20))/((-2)/5). Let m = l - a. What is the units digit of m?
1
Let r = 15 + -13. Suppose 4*v + 12 = h - 11, 16 = 2*h - r*v. What is the units digit of h?
3
Suppose 0 = -0*o + 4*o + 4*l + 12, 2*o = -5*l - 15. What is the units digit of 0 - o - (-2 + -3)?
5
Suppose 4*g - 3*g = 5. Suppose 4*s + s = g. What is the units digit of s?
1
Let s(p) = 4*p**3 - 17*p**2 - 7*p + 18. Let l(c) = 5*c**3 - 18*c**2 - 7*c + 19. Let m(q) = 5*l(q) - 6*s(q). What is the units digit of m(-11)?
1
Let f(r) = -r - 1. Let j be f(-8). Suppose 4*q = q - 9, 2*u = q + j. What is the units digit of u?
2
Suppose 5*q = -3*z - 154, 2*z - 5*q + q = -66. Let d be (-30)/1*(-5 - -6). Let a = d - z. What is the tens digit of a?
1
What is the units digit of 86/6 - (-18)/(-54)?
4
Let g = 209 + -33. What is the hundreds digit of g?
1
Let v(l) = -4*l**2 + 4*l - 3. Let c(w) = 11*w**2 - 12*w + 9. Let f(g) = 3*c(g) + 8*v(g). Let z be f(3). Suppose -4*i + 12 - 4 = z. What is the units digit of i?
2
Let w be 179/(-5) + (-4)/(-5). Let r = w - -84. What is the units digit of r?
9
Let t be -2 + 0 + (3 - 2). Let a be (4 + -10)*t/3. What is the units digit of 4*(-1 + 5/a)?
6
Let u be 2*(10/4 - 0). Let n = -10 - -14. Suppose -3*y - 4*v + 43 = 0, n*y - 2*y + u*v = 38. What is the units digit of y?
9
Let t = 58 + 20. What is the tens digit of t?
7
Let z(g) = g - 7. Let a be z(-5). What is the tens digit of (-305)/(-7) + a/21?
4
Suppose -3*z + d = -d + 1, -4*d + 5 = -5*z. What is the units digit of 4 + (z - 2) - 1?
4
Suppose -4*a - 2*q - 4 = 0, -5*q - 4 = a - 21. Let s(c) be the second derivative of c**4/12 + c**3/3 - c**2 + c. What is the units digit of s(a)?
1
Suppose 0 = 2*p - 3 - 3. What is the units digit of 2/p*150/4?
5
Suppose -5*d = -15, -4*a - 2*d = -4*d + 14. What is the units digit of (2/a)/(3/(-45))?
5
Let f = -2 - -9. What is the units digit of f?
7
Suppose -60 = -5*g + 40. What is the units digit of g?
0
Let f(m) = -m**3 - 6*m**2 + m - 1. Let y(w) = 1. Let n(g) = -f(g) - 2*y(g). What is the units digit of n(-6)?
5
Let o(d) = 2*d**2 - d - 58. Let p(f) = -f**2 + 29. Let h(n) = 2*o(n) + 5*p(n). What is the tens digit of h(0)?
2
Suppose -5*z - 2*s + 1167 = 0, -3*z = s + 2*s - 702. What is the units digit of z?
3
Let f be (-1)/2*-6 - -3. Suppose 2*i = 42 + 14. Suppose -i = -f*l + 4*l. What is the units digit of l?
4
Let r = -8 - -11. Suppose r = 3*d - 3. What is the units digit of d?
2
Let c = 43 + -9. What is the units digit of c?
4
Let h(c) = 26*c - 8. What is the hundreds digit of h(6)?
1
Let n(z) = -3*z + 6. Let l(m) = -2*m**2 - 3*m - 4. Let y be l(-2). What is the tens digit of n(y)?
2
Let l = 23 + -12. What is the tens digit of l?
1
Suppose -2*u - 3*u = -60. Suppose 5*h = h + 3*l - 4, 5*l = 4*h + u. Suppose -101 = -5*y + j + h*j, 0 = 2*y - 4*j - 46. What is the tens digit of y?
1
Let z = -5 + 42. What is the tens digit of z?
3
Let a(j) = 14*j + 45. What is the hundreds digit of a(8)?
1
Suppose -6*y = -2*y. Suppose -4*i + 111 = 5*q - 18, y = 4*q - 20. What is the tens digit of i?
2
Let r = -10 + 81. What is the units digit of r?
1
Let h = 5 - -10. What is the tens digit of h?
1
Suppose -5*i + 32 + 48 = 3*j, 4*j = -i + 118. What is the tens digit of j?
3
What is the tens digit of (-2)/8 - 3601/(-52)?
6
Let r(v) = -21*v - 34. What is the tens digit of r(-7)?
1
Let r = -3 + 4. What is the units digit of r?
1
Suppose -9*z = -4*z - 110. Suppose f - z = 5*t, -t = -4*f - 1 + 13. Suppose -3*b + f*b + 5 = 0. What is the units digit of b?
5
Let v = -6 - -8. Suppose i + 6 = l, -v*l + 2*i = 7*i - 12. What is the units digit of l?
6
Suppose -2*p - 2 - 2 = 0. Let k be (p - 14/2) + -1. What is the tens digit of (2 + -1 - 2)*k?
1
Suppose 0 = -4*h + 3*h. Suppose -2*x + 3*q = -14, -5*x + 4*q = 7*q + 7. Let i = h + x. What is the units digit of i?
1
What is the tens digit of (3/9*6)/((-2)/(-120))?
2
Let l(v) = 3*v**2 - 10*v + 15. Let u be l(9). Suppose 0 = -i - 6*i + u. What is the units digit of i?
4
Let l(i) = 2*i**2 - 5*i. Let y be (-8 + 9)*2*2. What is the tens digit of l(y)?
1
Let s = 0 + 31. Suppose s = 5*y - 3*p - p, -3*p - 12 = 0. What is the units digit of y?
3
Let w(o) = 10*o**2 - o + 1. Suppose 4 = -2*j - 2*y, -2*y - 22 = -j + 3*y. Let i be w(j). Let f = -26 + i. What is the units digit of f?
3
Let h(b) = 15*b**2 - 2*b + 4. What is the units digit of h(3)?
3
Suppose 5 = -h - 2. Let j(g) = -g**3 - 6*g**2 + 6*g + 1. Let l be j(h). Let k = -5 + l. What is the units digit of k?
3
Let w = 8 + -11. Let b be 18/(-12)*16/w. Suppose 0 = -5*m - b + 63. What is the tens digit of m?
1
Let b(w) = 6*w - 1. Let v be b(-1). Let g(i) = -i - 7. Let p be g(v). Let q = p + 8. What is the units digit of q?
8
Let u be -1 - (-3 + (2 - 2)). Let v(b) = -5*b - 4. Let a(s) = 2*s + 2. Let z(c) = -5*a(c) - 3*v(c). What is the units digit of z(u)?
2
Let s(b) = -b + 7. Let a be s(5). Suppose -d - 99 = -4*p, -a*d + 25 = 2*p - 27. What is the units digit of p?
5
Suppose x - 2*o - 11 - 34 = 0, 5*x = -5*o + 165. What is the units digit of x?
7
Let z = -145 + 223. What is the tens digit of z?
7
Suppose 5*j + 171 = -4*o - 42, 2*o = j - 103. Let x be (o/6)/(2/(-3)). Let z = x - 9. What is the units digit of z?
4
Let t(n) = -n**3 - 4*n**2 - 2*n - 6. Let c be t(-4). Suppose 0 = p + c*i - 10, 3*p + 4*i - 44 = -2*p. What is the units digit of p?
8
Let i be (-1)/2*(-3 + -1). Suppose -4*j + r + 4 = 48, -32 = 2*j + i*r. Let p = 27 + j. What is the units digit of p?
5
Let l(o) = -o**3 - 7*o**2 - 7*o - 1. Let z be l(-6). Suppose -z*a = 41 - 111. What is the units digit of a?
4
Suppose 292 = -w + 3*w. What is the tens digit of w?
4
Let l(v) = 13*v - 3. What is the tens digit of l(2)?
2
Let d be ((-8)/(-6))/((-9)/(-27)). Suppose 2*c + d*b = 7*c - 29, 3*b + 13 = 2*c. What is the units digit of c?
5
Let j(h) = 33*h**3 + h**2 - h + 1. What is the tens digit of j(1)?
3
Suppose -20 + 0 = -4*l. Let d = l + -1. What is the units digit of d?
4
Let v(s) = s**3 - 10*s**2 + s + 2. What is the tens digit of v(10)?
1
Let t(n) = 20*n + 34. What is the tens digit of t(3)?
9
Let a(g) = 3*g + 1. Let u be a(1). Suppose v + 2*v + 37 = 4*w, u*w + v - 41 = 0. Suppose 5*j - w = 0, j = -5*n + 6*j + 45. What is the units digit of n?
1
Let q(g) = -g**3 - 7*g**2 - 4*g - 5. Let w be -10 + 0 - (1 + -4). What is the tens digit of q(w)?
2
Let p be (0 + -2)*12/(-6). Suppose -p*h = -41 - 27. What is the tens digit of h?
1
Let u(k) = -k**3 - 7*k**2 - 5*k + 8. Suppose 0 = -5*i - 23 - 7. Let f be u(i). Suppose -c = -f*c + 1. What is the units digit of c?
1
Let o = -82 - -54. Suppose 0 = -5*c + 5*h + 190, 5*h = c + h - 26. Let z = c + o. What is the units digit of z?
4
Suppose 0 = -2*h - 1 - 7. Let v = 5 + h. What is the units digit of v?
1
Let p be ((-3)/4)/(3/(-108)). Suppose w - p = -2*w. What is the units digit of w?
9
Suppose -5*c = 2*b - 93, 2*c - 3*b = 24 + 17. Let d = 24 - c. What is the units digit of d?
5
Let v = 243 + -133. What is the hundreds digit of v?
1
Suppose -4*x + 42 = -22. What is the tens digit of x?
1
Let o = 9 - -1. Suppose -3*l + o = -4*a + 2*a, a = 4. Suppose 0 = -3*h + l + 15. What is the units digit of h?
7
Suppose 0 = -4*g + 3*d + 1365, -g + 197 + 163 = 3*d. What is the units digit of g?
5
Let a(q) = -2*q - 10. Suppose 2*i = 4*i + 18. What is the units digit of a(i)?
8
Suppose -92 - 68 = -5*g. Suppose 0 = -v - v + g. What is the tens di